-9541 + 13394. What are the prime factors of i?
3853
Let z(q) = -34*q**3 - q**2 + 2*q + 7. List the prime factors of z(-3).
2, 5, 7, 13
Let q(o) = -111*o**3 + 3*o**2 - o + 2. List the prime factors of q(-2).
2, 113
Suppose 25 = -5*l, d - 2*l = -3*d + 22. Let h = -9 + d. List the prime factors of 20 + h/(-3) + -3.
19
Let k be (-24)/(-5) + 4/20. Suppose 3*t - 163 = -f, -2*t - k = 3. What are the prime factors of f?
5, 7
Let y(d) = -d + 13. Let z be y(10). Suppose -3*a - 3*w - 16 = -508, 0 = -z*w + 12. What are the prime factors of a?
2, 5
Let y = 94 - -331. What are the prime factors of y?
5, 17
Let b be (65/(-4) + 3)*-4. Let u be ((-22)/(-4))/((-4)/(-8)). Let q = b - u. List the prime factors of q.
2, 3, 7
Let s = -482 + 1168. What are the prime factors of s?
2, 7
Let i = 145 - 79. Let t = i + -42. List the prime factors of t.
2, 3
Suppose z - 610 = -4*z. Suppose h - z = -h. Suppose 0*x - 5*x + 3*u + h = 0, -4*x + 46 = -u. What are the prime factors of x?
11
Suppose 0 = 4*a + a - 4*t - 2225, a + 3*t = 445. What are the prime factors of a?
5, 89
Let c be 2/(-4) + (-14)/(-4). Let x = 260 - 245. Suppose c*n - 78 = -x. List the prime factors of n.
3, 7
Let t(n) = -n**2 + 14*n + 12. Let a(m) = m**3 + 6*m**2 + 5*m + 12. Let i be a(-5). What are the prime factors of t(i)?
2, 3
Suppose -2880 = -15*c + 15630. List the prime factors of c.
2, 617
Let o = -1326 - -2241. List the prime factors of o.
3, 5, 61
Suppose l + 6 = 2*p, 5*l = -2*p + 4 - 10. Suppose k = -3*o + 2 - 5, -5*o - 16 = -p*k. Suppose -2*a + 48 = q - 2, 81 = 3*a + k*q. List the prime factors of a.
23
Suppose -3*m - 29 = -z - 9, 3*m + 34 = 2*z. Suppose 126 = -z*b + 15*b. List the prime factors of b.
2, 3, 7
Suppose 16*w - 23862 = 23962. List the prime factors of w.
7, 61
Suppose -48*k - k = -19502. List the prime factors of k.
2, 199
Let j be 24/7 - 15/35. Suppose -2*f - j*t + 116 = 0, -11 = -4*f - 5*t + 217. Suppose -5*z = 4*o - 23 - 38, 4*z = 4*o - f. List the prime factors of o.
2, 7
Suppose 0 = -n + p - 4, 3*n - n + 20 = 5*p. Suppose 2*u = -4*r + 36, -5*u = -n*r + 2*r - 26. List the prime factors of 79/3 + r/12.
3
Suppose -3*w + 5 = -7. Suppose -18 = 2*c + 2*u, -3*c - 4 - 19 = w*u. Let p = 16 + c. What are the prime factors of p?
3
Suppose -5*l = -b + 6329, 0 = 81*b - 83*b - 4*l + 12658. List the prime factors of b.
6329
Suppose -3 - 49 = -4*x. Let i = 16 - x. Suppose 4*f - 138 = 3*u - 2*u, f - 28 = -i*u. List the prime factors of f.
2, 17
Let v(k) = 70*k**2 + 8*k - 90. List the prime factors of v(6).
2, 3, 7, 59
Let h = 129 - -502. What are the prime factors of h?
631
Let k be 8/14 - 32/56. Suppose k = -3*a + z + 431, 4*a - 19 - 549 = -2*z. List the prime factors of a.
11, 13
Let j be 28/(-6)*(-9)/(-6). Let w = j + 12. Suppose -4*v = -w*c + v + 75, -c + 5 = v. What are the prime factors of c?
2, 5
Let f(t) = -t**3 - 12*t**2 + t + 18. Let c be f(-12). What are the prime factors of ((-5)/(-4))/(c + 334/(-56))?
5, 7
Let b = 3695 - 2292. List the prime factors of b.
23, 61
Let y(g) = -21*g - 1. Let h be y(-1). Let i be 5/h - 30/(-8). Suppose 65 = i*q + 9. What are the prime factors of q?
2, 7
Suppose 0 = -4*x - 6 - 14, 22076 = 6*b - 4*x. What are the prime factors of b?
2, 919
Suppose 0 = -82*b + 26*b + 328552. What are the prime factors of b?
5867
Let g(r) = r**3 + 2*r**2 - 7*r + 6. Let m be g(-4). Suppose -4*x - 2*j - 158 = -6*x, -4*x + m*j = -318. What are the prime factors of x?
2, 5
Let u(p) = p**3 - 11*p**2 - 14*p - 12. Let c be u(13). Let n be (-2)/(-6) + (-131)/(-3). Suppose 5*f + n - c = 0. List the prime factors of f.
2, 5
Let b be (0 - 1)*13*-10. Suppose 0 = 2*r - 10 + b. Let c = r - -119. What are the prime factors of c?
59
Suppose -3*j - r = 25, 3*j + 31 - 8 = r. Let y be 194/(-12) - ((-154)/(-12) - 13). What are the prime factors of y/j - (-1 + -33)?
2, 3
List the prime factors of 89608/36 - 110/99.
2, 311
Suppose 0 = -12*r + 3*r + 324. What are the prime factors of r?
2, 3
Let p = -691 - -1360. List the prime factors of p.
3, 223
Let t(j) = 12*j - 3. Let l be t(-3). Let d = -36 - l. What are the prime factors of d?
3
Let a(s) = s**3 - 10*s**2 + 2*s - 5. Let f = 3 - 3. Suppose f*q + 2*q = 20. What are the prime factors of a(q)?
3, 5
Suppose 2355 = 5*r + 3*y, -4*r = r + 5*y - 2355. List the prime factors of r.
3, 157
List the prime factors of ((-890)/15)/(6/(-45)).
5, 89
Let z be ((-15)/12)/((-2)/160). Suppose y + z = 3*y. What are the prime factors of y?
2, 5
Let x(v) = -v**3 + 27*v**2 + 5*v + 25. List the prime factors of x(27).
2, 5
Suppose 24*h = 28*h + 2304. Let d be 15/25 - h/15. Let q = 112 - d. What are the prime factors of q?
73
Suppose 81*y - 70*y - 37345 = 0. What are the prime factors of y?
5, 7, 97
Let m(b) = b**3 - 3*b - 14. What are the prime factors of m(12)?
2, 839
Let p be (-53)/(-11) - 14/(-77). Suppose p*q + 6 - 131 = 0. What are the prime factors of q?
5
Let h be (-26 - -23)*(-5)/3. Suppose -2*x - 4*o + 59 = -x, h*x = 4*o + 175. List the prime factors of x.
3, 13
Suppose -3*y = -4*f + 291 + 552, -3*y = 15. List the prime factors of f.
3, 23
Suppose -2*n - 3523 = -15*n. Suppose -p + 5*f + n = 0, -229 - 33 = -p + 2*f. List the prime factors of p.
2
Let y(j) = -14*j - 38. List the prime factors of y(-7).
2, 3, 5
Let m(f) = 2*f + 18. Let k be m(-9). Suppose 0 = 4*u - k*u - 256. List the prime factors of u.
2
Let s(m) = -m**2 - 26*m - 103. What are the prime factors of s(-12)?
5, 13
List the prime factors of (-5)/((-30)/3012) + -4.
2, 3, 83
Let s be (-12)/3 - (3 - 66). Let u = -34 + s. List the prime factors of u.
5
List the prime factors of (-10)/((-2)/1)*(-4715)/(-23).
5, 41
Let u = 207 + -82. List the prime factors of u.
5
Suppose 6 = q - 0*q + 3*m, -q + 4*m - 8 = 0. Suppose 0 = -4*u + 3*x + 6, -2*x - 4 = 2*u - q*u. Suppose u = -2*p - 2*p + 20. What are the prime factors of p?
5
Let r be (1/(-2))/(3/(-69))*2. Suppose -r*x = -18*x - 745. What are the prime factors of x?
149
Suppose 9*n - 13*n + 16 = 0. Suppose -2*m - n = -28. Let q = m + 12. List the prime factors of q.
2, 3
What are the prime factors of ((-108)/9)/((-4)/146)?
2, 3, 73
Suppose n - 62 = -2*r + 71, r - 560 = -4*n. List the prime factors of n.
3, 47
Let d(z) = -3*z**2 - 12*z - 4. Let w be (-4)/6*9/6. Let o(k) = -k**2 + 1. Let t(h) = w*d(h) + 4*o(h). List the prime factors of t(9).
5, 7
Let s(y) = 5*y**2 + y + 1. Let b(m) = -m. Let o be b(1). Let z be s(o). Suppose -z*d - 24 = -114. List the prime factors of d.
2, 3
Let g be (-6)/(-9) + (-499)/(-3). Suppose -156 - 84 = -60*w. Suppose -5*c - w*z + g = -0*z, 4*c - 118 = 2*z. What are the prime factors of c?
31
Let c be 13 + 1*(-4)/8*0. Let g(j) = j**3 - 10*j**2 - 17*j - 23. List the prime factors of g(c).
263
Suppose -4*y - k = -65 - 212, 4*k = -5*y + 338. List the prime factors of (-1288)/y*5/(-2).
2, 23
Suppose 6*i + 25 = i. List the prime factors of 7/(4 - (-19)/i).
5, 7
Let t = -28 - -32. What are the prime factors of (t - 0) + -8 + 123?
7, 17
Let w(r) = -r**2 + 4*r**2 + 11 - 2*r**2 - 10*r. List the prime factors of w(14).
67
Let j(w) = w + 13. Let o be j(-10). Let q be (24/(-9) + o)*3. What are the prime factors of -3*q/1*-1?
3
Suppose -4 = 5*j + 6. Let v = j + -3. List the prime factors of (-40)/6*12/v.
2
Let f(r) = 8*r + r**2 - 3 + r - 6 + 7. List the prime factors of f(-10).
2
Suppose -5*z + 2044 = -5286. What are the prime factors of z?
2, 733
Suppose -2257 = -3*s - z, -4*z + 2251 = 3*s - 0*s. List the prime factors of s.
3, 251
Let v = 9 - -55. Suppose 3*y - 271 = -5*f + v, -341 = -3*y - 2*f. What are the prime factors of y?
5, 23
Suppose 4*w - 495 = -2*d + 351, 5*d - 2063 = 3*w. What are the prime factors of d?
5, 83
Suppose 8*q = 5797 + 1083. List the prime factors of q.
2, 5, 43
Suppose -457*p + 458*p = 5*z - 27347, -3*z = -2*p - 16411. What are the prime factors of z?
3, 1823
Let p = -500 + 967. Suppose 8*q - 3*q = s + p, -5*s + 485 = 5*q. What are the prime factors of q?
2, 47
Let m be (6/4)/(9/126). Let f = 52 - m. List the prime factors of f.
31
Let i(n) = -3*n + 1. Let t(c) = -57*c + 18. Let m(y) = -117*i(y) + 6*t(y). What are the prime factors of m(7)?
2, 3
Suppose -5*o + 1591 + 5094 = 5*g, 0 = -3*o - 9. What are the prime factors of g?
2, 5, 67
What are the prime factors of ((-5)/(10/(-11)))/(4/712)?
11, 89
Suppose 0 = 3*c + 